he remainder when r is divided by (-116)/(-6) - 2/(-3).
19
Let n(x) = -3*x - 22. Let p be n(-9). Suppose 0 = p*o - 32 + 12. Calculate the remainder when o is divided by 3.
1
What is the remainder when 1 is divided by -2*3/9*12/(-8)?
0
Let l = 614 + -391. Suppose 0 = -4*d - 8*q + 3*q + l, 61 = d - 4*q. Calculate the remainder when d is divided by 20.
17
Suppose -2*h - 1284 = -3*v, -63*v - 2*h = -60*v - 1284. What is the remainder when v is divided by 39?
38
Let v(k) = -k**2 - 3*k + 82. Suppose -2*d = -2*x - 2*x - 72, 2*x - 148 = -3*d. What is the remainder when d is divided by v(7)?
10
Let v(i) = -36*i - 294. What is the remainder when 39 is divided by v(-9)?
9
Suppose -4 = 5*n - 29. Let t be n/10 - (-10)/4. Let j(a) = -a**3 + 2*a**2 + 3*a + 4. Calculate the remainder when 13 is divided by j(t).
1
What is the remainder when 52 is divided by (-11 - -5) + 2 - 12/(-1)?
4
Suppose 1266 + 474 = 10*y. Let l = -126 + y. Calculate the remainder when l is divided by 10.
8
Calculate the remainder when (20*1/(-4))/(-2 + 1) is divided by (-1)/(1 + (-8)/6).
2
Let i be 1/((-10)/4) - 189600/(-250). Suppose -100 = 14*b - i. What is the remainder when b is divided by 25?
22
Suppose -8 = -5*p + 12. Let n be 4 - (-1 + (3 - -4)). Let r(d) = 3*d**2 + 2*d + 1. What is the remainder when r(n) is divided by p?
1
Let g(d) = d**3 - d + 4. Let i be g(0). Let z be i*(4 - 5)*2. What is the remainder when 2/z - 282/(-8) is divided by 12?
11
Calculate the remainder when 186 is divided by (0 - 260/(-6))/((-8)/(-12)).
56
Let k be (21*4/60)/((-1)/(-5)). Suppose 4*d - 14 = s, -k*s = -2*s - 2*d - 20. What is the remainder when 32 is divided by s?
2
Let d(q) = 2*q + 28. Let f be d(-15). What is the remainder when (36/f)/(-1)*1 is divided by (-1 - 16/(-12))*15?
3
Suppose -4*s - r + 3*r = 26, -2*r + 8 = -s. Let k(a) = -21*a + 1. What is the remainder when k(s) is divided by 10?
7
Let x(p) = 36*p**2. Let d be x(-1). Let a = 45 + d. Calculate the remainder when a is divided by 14.
11
Let f(b) = b**2 - b + 12. Let l be f(0). Let o = l - 5. Suppose -111*i = -131*i + 360. What is the remainder when i is divided by o?
4
Let w(d) = 3 + 9 - d**3 + 6 + 14*d + 14*d**2. What is the remainder when 13 is divided by w(15)?
1
Suppose 171*k = 178*k - 84. What is the remainder when 176 is divided by k?
8
Suppose 0 = k - 3*k + 24. Let x = 42 - 36. Suppose 0 = x*o - 2*o - 180. Calculate the remainder when o is divided by k.
9
Suppose -6 = -i + 5*g, -2*i + 9 = g - 25. Calculate the remainder when 142 is divided by i.
14
Suppose 9*v + 11 = 2*q + 4*v, 0 = -5*v - 5. Let k be (-2)/q*(1 - 7). Let s = 5 + k. What is the remainder when 33 is divided by s?
6
Suppose 0 = 3*q - 2*n - 43, -q - 1 = -n - 16. Let c = -2 - -2. Suppose c = -5*p - 17 + 52. What is the remainder when q is divided by p?
6
Let a(z) = 16*z - 10. Let y = 24 - 13. Calculate the remainder when a(y) is divided by 57.
52
Calculate the remainder when (36 - (-5)/5)/(5/85) is divided by 30.
29
Let a = -9 + 5. Let g(x) = -x**2 - 3*x + 3. Let f be g(a). What is the remainder when f + 4/((-4)/(-9)) is divided by 3?
2
Let t be 5*((0 - 2) + 73). Let m = t + -246. Suppose 13 = j - m. Calculate the remainder when j is divided by 31.
29
Let w(z) = 7*z - 3. Calculate the remainder when (-1)/2 - (6 + (-734)/4) is divided by w(3).
15
Let q = -6 + -6. Calculate the remainder when 20 is divided by ((-18)/8)/(3/q) - 2.
6
Let s = -40 - -34. Calculate the remainder when 2395/45 - s/(-27) is divided by 1/(-1)*3*-9.
26
Let d be ((-340)/(-20))/((-2)/(-4)). Let q = d - 21. Calculate the remainder when 38 is divided by q.
12
Let b(v) = -v**2 + 35*v - 49. What is the remainder when 20 is divided by b(33)?
3
Suppose 3*i - 4*i + 2*n + 52 = 0, -i + 4*n + 52 = 0. Let k be 3 + (i - 4/(-4)). What is the remainder when k - (5 - 1 - 7) is divided by 20?
19
Suppose -3*q + 6 = 0, 0 = 4*d - d + 2*q - 403. Suppose -14*l + 268 = 58. Calculate the remainder when d is divided by l.
13
Let d(t) = t**3 + 8*t**2 + 16*t - 2. Let s be d(-5). Suppose p - 33 + 7 = 0. Let z = p + s. Calculate the remainder when z is divided by 11.
8
What is the remainder when -116*(-16)/(448/35) is divided by 24?
1
Suppose -5*h = -h - 108. Let f be 4/(4/30*(4 - 9)). Let p(t) = t**3 + 9*t**2 + 4*t - 5. What is the remainder when p(f) is divided by h?
25
Let a(u) = -10*u - 5. Let b be a(-4). Calculate the remainder when (-81)/(-18)*(-1 + b) is divided by 39.
36
Let i = -374 - -505. Calculate the remainder when i is divided by 22.
21
Let l(c) = 4*c**3 - 3*c**2 - 4*c + 2. Suppose 2*q + 4*y - 2 = 0, q - 5*y + y = 7. Calculate the remainder when l(q) is divided by 19.
14
Let m = 21 + 69. What is the remainder when 1077 is divided by m?
87
Let t be (-1092)/105 + (-2)/(-5). Let k(i) = -i**3 - 10*i**2 - i - 3. Let q = -32 + 52. Calculate the remainder when q is divided by k(t).
6
Suppose 2*d + 1 = -1. Let k be 38/4 - d/2. What is the remainder when 40 is divided by (-20)/(-2) - k/(-10)?
7
Suppose 0 = 3*m - g - 14, m - 2*m - 2 = 3*g. Suppose 0 = -m*r + v + 108, 0 = -3*r - v + 91 - 3. Let t = 189 + -78. What is the remainder when t is divided by r?
27
Suppose 12*i = -3*i + 1365. Let l(f) = -5*f + 5. What is the remainder when i is divided by l(-4)?
16
Let l(o) = o + 3. Let i be l(2). Suppose -66 = -i*m - 1. Let c(n) = 14*n**2 - 2*n - 2. What is the remainder when c(2) is divided by m?
11
Let v(b) = b**2 - 13*b + 30. Suppose 4*k - 10*k = -78. What is the remainder when v(k) is divided by 11?
8
Suppose 3*o + 2*m - 241 = 0, 0 = -13*o + 12*o - 4*m + 67. What is the remainder when 182 is divided by o?
16
What is the remainder when 94 is divided by 100/(-6)*(-4 + (9 - 8))?
44
Suppose -4*v - r + 113 = -6, -4*r = v - 41. Let d = -20 + v. Let t(o) = -o**3 + 8*o**2 + 12*o - 9. What is the remainder when 34 is divided by t(d)?
16
Let u(c) = -47*c + 89. What is the remainder when u(-14) is divided by 22?
21
Let w(l) = 6*l - 2. Let m = -44 + 103. Let v = -50 + m. What is the remainder when w(6) is divided by v?
7
Suppose 0 = -4*x + x + 258. Let n = 119 + -77. Let h = -13 + n. What is the remainder when x is divided by h?
28
Let t(p) = 5*p**2 + 5*p + 1. Let x = 4 + -8. Let m be t(x). Suppose 2*a - 74 + 8 = -4*s, 2*a - m = -5*s. What is the remainder when a is divided by 11?
10
Let g = -145 + 237. Suppose 3*i - g = -5*p, 2*p = -4*i - 0*p + 118. What is the remainder when 86 is divided by i?
28
Let y(t) = -44*t - 190. Calculate the remainder when y(-6) is divided by 74.
0
Suppose -5*b + 200 = -4*o, 2*b - 3*o - 11 = 69. What is the remainder when 159 is divided by b?
39
Suppose 181*k + 2935 = 186*k. What is the remainder when k is divided by 37?
32
Suppose 0 = n - 2*n + 3. Suppose -s + n*s + 25 = t, -4*t + s = -65. Calculate the remainder when t is divided by 9.
6
Let u = -11 - -14. Suppose -2*l + 0 + 9 = -a, u*a = 4*l - 17. What is the remainder when -1 - 4*(-4)/a is divided by 8?
7
Let p(s) = 1 + 2 - 10 - 13 - 10*s - s**2. Let l be p(-6). Suppose -u - 134 = -l*j + u, -2*u = -2. What is the remainder when j is divided by 12?
10
Let a = -750 + 832. Calculate the remainder when a is divided by 14.
12
Suppose 3*z = -2*h + 4*z + 39, 2*z + 6 = 0. Calculate the remainder when 718 is divided by h.
16
Suppose -2*x + 4 = -4. Let u(f) = -17*f - 161. Calculate the remainder when u(-10) is divided by x.
1
Suppose -j = -5*j. Let r(u) = -u**3 + u**2 - u + 8. What is the remainder when 54 is divided by r(j)?
6
Let j(p) = -6*p - 5. What is the remainder when 722 is divided by j(-5)?
22
Suppose 3*z - 11 + 2 = 0. Suppose -s + 24 = -n + 2*n, 0 = -z*n + s + 76. What is the remainder when 199 is divided by n?
24
Let j(b) = -b**3 - 4*b**2 + 6*b + 3. Let v be j(-8). Suppose 5*g + 4*n = 129, v = 5*g + n + 85. What is the remainder when 73 is divided by g?
23
Suppose 28 = -4*m + 11*m. Suppose m*j = -4*l - 124, 0 = -3*j + 5*j - 3*l + 82. Let y = 39 + j. Calculate the remainder when y is divided by 2.
0
Suppose h = -5*c + 73, -2*c + 20 = 24*h - 19*h. What is the remainder when 104 is divided by c?
14
Suppose -4*i = -121 + 17. Let c = 77 + -76. Let x(g) = 14*g. Calculate the remainder when i is divided by x(c).
12
Let h be 11/1*(16 - 15). Suppose h*g - 4*g - 84 = 0. Calculate the remainder when 57 is divided by g.
9
Let f = -147 - -161. Calculate the remaind